digit of 131082?
1
What is the hundreds digit of 175410?
4
What is the ten millions digit of 19987730?
1
What is the ten millions digit of 10865439?
1
What is the hundreds digit of 23435307?
3
What is the hundreds digit of 60519?
5
What is the thousands digit of 130745?
0
What is the units digit of 3209797?
7
What is the ten thousands digit of 1904162?
0
What is the tens digit of 125730?
3
What is the thousands digit of 6136453?
6
What is the tens digit of 492914?
1
What is the hundred thousands digit of 114260?
1
What is the hundreds digit of 6635248?
2
What is the units digit of 240843?
3
What is the thousands digit of 12975039?
5
What is the ten thousands digit of 1530763?
3
What is the millions digit of 20153131?
0
What is the units digit of 8929548?
8
What is the thousands digit of 264482?
4
What is the hundred thousands digit of 1458843?
4
What is the units digit of 263710?
0
What is the hundreds digit of 163510?
5
What is the ten thousands digit of 673368?
7
What is the ten thousands digit of 2256649?
5
What is the tens digit of 5117803?
0
What is the ten thousands digit of 1926374?
2
What is the units digit of 4457496?
6
What is the hundred thousands digit of 4082151?
0
What is the tens digit of 488172?
7
What is the hundred thousands digit of 2388476?
3
What is the thousands digit of 87084?
7
What is the hundreds digit of 69792?
7
What is the ten thousands digit of 50144?
5
What is the units digit of 1743308?
8
What is the hundreds digit of 2931446?
4
What is the hundred thousands digit of 4707597?
7
What is the thousands digit of 392860?
2
What is the ten thousands digit of 5607547?
0
What is the hundreds digit of 370401?
4
What is the units digit of 77437?
7
What is the hundreds digit of 242979?
9
What is the ten thousands digit of 5134420?
3
What is the hundreds digit of 31677199?
1
What is the units digit of 8200627?
7
What is the units digit of 50108?
8
What is the hundreds digit of 6995214?
2
What is the hundred thousands digit of 27833241?
8
What is the hundred thousands digit of 943872?
9
What is the ten thousands digit of 4493354?
9
What is the hundred thousands digit of 830667?
8
What is the units digit of 228121?
1
What is the tens digit of 2830848?
4
What is the ten thousands digit of 10667368?
6
What is the units digit of 2755582?
2
What is the hundred thousands digit of 3305037?
3
What is the tens digit of 353124?
2
What is the ten thousands digit of 7681011?
8
What is the ten thousands digit of 649723?
4
What is the ten thousands digit of 672088?
7
What is the hundred thousands digit of 4578653?
5
What is the hundred thousands digit of 451536?
4
What is the hundreds digit of 151317?
3
What is the hundred thousands digit of 6442960?
4
What is the hundreds digit of 3470074?
0
What is the hundreds digit of 127233?
2
What is the hundreds digit of 1138026?
0
What is the units digit of 744974?
4
What is the ten thousands digit of 12563503?
6
What is the tens digit of 189535?
3
What is the thousands digit of 977487?
7
What is the tens digit of 2133807?
0
What is the hundreds digit of 4804166?
1
What is the thousands digit of 2376195?
6
What is the tens digit of 19062282?
8
What is the hundred thousands digit of 1040946?
0
What is the hundreds digit of 51893?
8
What is the thousands digit of 773506?
3
What is the tens digit of 951804?
0
What is the ten thousands digit of 22932339?
3
What is the tens digit of 503503?
0
What is the hundred thousands digit of 3114012?
1
What is the hundreds digit of 305441?
4
What is the hundred thousands digit of 311093?
3
What is the thousands digit of 8499821?
9
What is the millions digit of 9508016?
9
What is the hundreds digit of 6723288?
2
What is the ten thousands digit of 265851?
6
What is the ten thousands digit of 309413?
0
What is the units digit of 4640493?
3
What is the thousands digit of 3691197?
1
What is the hundreds digit of 4133174?
1
What is the ten thousands digit of 174319?
7
What is the ten millions digit of 11759920?
1
What is the hundreds digit of 234003?
0
What is the thousands digit of 380404?
0
What is the ten thousands digit of 139047?
3
What is the hundreds digit of 1471244?
2
What is the hundred thousands digit of 110577?
1
What is the hundreds digit of 4773872?
8
What is the units digit of 195752?
2
What is the millions digit of 6158978?
6
What is the ten thousands digit of 1230355?
3
What is the tens digit of 3716796?
9
What is the ten thousands digit of 681143?
8
What is the hundreds digit of 6274094?
0
What is the units digit of 1926149?
9
What is the units digit of 6489866?
6
What is the ten thousands digit of 1027114?
2
What is the units digit of 293889?
9
What is the ten thousands digit of 909141?
0
What is the thousands digit of 921296?
1
What is the ten thousands digit of 59562?
5
What is the units digit of 4989837?
7
What is the tens digit of 275931?
3
What is the millions digit of 7956225?
7
What is the hundreds digit of 653508?
5
What is the ten thousands digit of 213565?
1
What is the ten millions digit of 10604820?
1
What is the thousands digit of 3151409?
1
What is the hundred thousands digit of 2644367?
6
What is the units digit of 76248?
8
What is the millions digit of 15760950?
5
What is the tens digit of 405680?
8
What is the tens digit of 11354567?
6
What is the ten thousands digit of 82756?
8
What is the hundred thousands digit of 491263?
4
What is the hundreds digit of 139917?
9
What is the millions digit of 21460535?
1
What is the ten thousands digit of 30883?
3
What is the hundreds digit of 20384790?
7
What is the millions digit of 2594677?
2
What is the tens digit of 79381?
8
What is the units digit of 209886?
6
What is the ten millions digit of 19380025?
1
What is the hundreds digit of 3585857?
8
What is the hundred thousands digit of 4737521?
7
What is the units digit of 10048690?
0
What is the tens digit of 3060280?
8
What is the thousands digit of 4309942?
9
What is the ten thousands digit of 192530?
9
What is the tens digit of 4055474?
7
What is the thousands digit of 877592?
7
What is the hundred thousands digit of 107597?
1
What is the hundreds digit of 587408?
4
What is the tens digit of 7419451?
5
What is the tens digit of 764541?
4
What is the hundred thousands digit of 1962066?
9
What is the hundreds digit of 469226?
2
What is the tens digit of 607357?
5
What is the ten thousands digit of 15892522?
9
What is the thousands digit of 738073?
8
What is the ten thousands digit of 482402?
8
What is the thousands digit of 630548?
0
What is the hundreds digit of 204603?
6
What is the units digit of 204044?
4
What is the ten thousands digit of 442881?
4
What is the hundred thousands digit of 8507088?
5
What is the hundreds digit of 164042?
0
What is the thousands digit of 4736927?
6
What is the millions digit of 4424878?
4
What is the tens digit of 1160702?
0
What is the tens digit of 792611?
1
What is the thousands digit of 8237811?
7
What is the hundreds digit of 9466484?
4
What is the millions digit of 1932101?
1
What is the hundreds digit of 338747?
7
What is the tens digit of 261656?
5
What is the tens digit of 29277393?
9
What is the thousands digit of 1678687?
8
What is the units digit of 10621484?
4
What is the units digit of 4837114?
4
What is the thousands digit of 15446488?
6
What is the units digit of 8541104?
4
What is the thousands digit of 4034775?
4
What is the units digit of 1425563?
3
What is the thousands digit of 1231052?
1
What is the units digit of 24644829?
9
What is the hundred thousands digit of 840084?
8
What is the tens digit of 146597?
9
What is the hundred thousands digit of 155742?
1
What is the hundred thousands digit of 428560?
4
What is the hundred thousands digit of 107133?
1
What is the tens digit of 803006?
0
What is the units digit of 763346?
6
What is the thousands digit of 124740?
4
What is the tens digit of 5750757?
5
What is the ten thousands digit of 17094061?
9
What is the units digit of 198757?
7
What is the hundred thousands digit of 9644363?
6
What is the thousands digit of 3683166?
3
What is the thousands digit of 27079337?
9
What is the tens digit of 819455?
5
What is the millions digit of 3016444?
3
What is the hundreds digit of 4223005?
0
What is the tens digit of 1916213?
1
What is the 